{"id":159,"date":"2015-01-14T08:44:07","date_gmt":"2015-01-14T08:44:07","guid":{"rendered":"https:\/\/sitekimpianti.it\/?page_id=159"},"modified":"2015-02-23T15:20:30","modified_gmt":"2015-02-23T15:20:30","slug":"sirene-autoalimentate","status":"publish","type":"page","link":"https:\/\/sitekimpianti.it\/?page_id=159","title":{"rendered":"Sirene autoalimentate"},"content":{"rendered":"<div class=\"art-post payoff\">\n<div class=\"art-post-body\">\n<div class=\"art-post-inner art-article\">\n<div class=\"art-postmetadataheader titolo\">\n<p class=\"art-postheader\"><strong>La sirena autoalimentata ECHO rappresenta il modo migliore per completare un impianto antiintrusione.<\/strong><\/p>\n<\/div>\n<div class=\"art-postcontent\">Realizzata in policarbonato con protezione interna in metallo garantisce, oltre ad un elevato grado di sicurezza, una resistenza agli agenti atmosferici praticamente illimitata.<br \/>\nProtetta contro l&#8217;effrazione, la rimozione ed il taglio dei fili, la sirena \u00e8 inoltre dotata di un particolare circuito che inibisce il funzionamento del lampeggiatore in caso di accumulatore scarico.<br \/>\nDisponibile con o senza lampeggiatore.<\/div>\n<\/div>\n<div class=\"cleared\"><\/div>\n<div class=\"cleared\"><img loading=\"lazy\" decoding=\"async\" class=\" size-full wp-image-47 aligncenter\" src=\"https:\/\/sitekimpianti.it\/wp-content\/uploads\/2014\/12\/img-sirena_253x169.jpg\" alt=\"img-sirena_253x169\" width=\"253\" height=\"168\" \/><\/div>\n<div class=\"cleared\">Tutte le funzioni della sirena sono gestite da un microprocessore che, fornendo &#8220;intelligenza&#8221; alla sirena, garantisce grande accuratezza di funzionamento. La presenza di 3 differenti ingressi ai quali abbinare sonorit\u00e0 differenti estende il campo di applicazione della singola sirena. Risulta infatti possibile gestire suoni diversi per installazioni che risultino troppo vicine evitando in tal modo confusione agli utenti. Inoltre la presenza di tre ingressi con sonorit\u00e0 programmabili consente di emettere segnalazioni sonore differenti a fronte di allarmi di diversa tipologia (furto, allagamento, fuga di gas) o di diversa provenienza (uffici, magazzino, garage).<\/div>\n<\/div>\n<\/div>\n<div class=\"art-post payoff\">\n<div class=\"art-post-body\">\n<div class=\"art-post-inner art-article\">\n<div class=\"art-postcontent\">\n<p>Un ulteriore ingresso permette la gestione del solo lampeggiatore quando non si desideri l&#8217;emissione del suono. Questo pu\u00f2 essere utile, per esempio, su un sistema Omnia dove per mezzo di un lampeggio si pu\u00f2 avere la conferma di una operazione fatta con un telecomando (inserimento\/disinserimento dell&#8217;impianto).<\/p>\n<p>La compatibilit\u00e0 con la totalit\u00e0 delle centrali di rilevamento d&#8217;allarme \u00e8 garantita dalla programmabilit\u00e0 degli ingressi anche per quanto riguarda la polarit\u00e0 del segnale di allarme.<\/p>\n<p>I materiali usati (policarbonato con protezione interna in metallo tropicalizzato) garantiscono una resistenza agli agenti atmosferici praticamente illimitata.<\/p>\n<p>L&#8217;introduzione di innovative soluzioni migliora ulteriormente gli standard di sicurezza gi\u00e0 tradizionalmente elevati delle sirene BENTEL Security. Infatti, accanto alle ormai consolidate protezioni presenti nei modelli preesistenti (effrazione, rimozione, taglio cavi) ne sono state introdotte di nuove di indubbio interesse come la protezione dalla lancia termica o dalla iniezione di schiuma. Quest&#8217;ultima protezione \u00e8 particolarmente efficace grazie all&#8217;utilizzo di una rilevazione duale.<\/p>\n<p>Un punto cruciale della sirene autoalimentate \u00e8 la batteria. Essa, nella sirena Echo99, \u00e8 tenuta costantemente sotto controllo dal microprocessore a bordo della sirena che ne controlla livello e stato di efficienza fornendo una segnalazione su un apposito morsetto. Nel caso in cui la batteria risulti scarica l&#8217;energia residua sar\u00e0 utilizzata per l&#8217;emissione del suono mentre il lampeggiatore sar\u00e0 spento<\/p>\n<\/div>\n<\/div>\n<\/div>\n<\/div>\n<div class=\"art-post payoff\">\n<div class=\"art-post-tl\"><strong>Caratteristiche generali<\/strong><\/div>\n<div class=\"art-post-body\">\n<div class=\"art-post-inner art-article\">\n<div class=\"art-postcontent\">\n<ul>\n<li>Robusto contenitore in policarbonato resistente alle pi\u00f9 avverse condizioni ambientali.<\/li>\n<li>Protezione supplementare con coperchio in acciaio tropicalizzato.<\/li>\n<li>3 ingressi per allarme sonoro e luminoso.<\/li>\n<li>1 ingresso per allarme lampeggiatore.<\/li>\n<li>Ingressi universali per l&#8217;attivazione con qualsiasi tipo di centrale.<\/li>\n<li>Emissione sonora modulata in frequenza, con possibilit\u00e0 di associare suoni diversi ai vari ingressi di allarme.<\/li>\n<li>Tromba esponenziale magnetodinamica ad elevato rendimento acustico.<\/li>\n<li>Autoprotezione contro il taglio dei fili, la rottura del filamento della lampada e l&#8217;effrazione.<\/li>\n<li>Dispositivo antischiuma.<\/li>\n<li>Dispositivo antisabotaggio contro la lancia termica.<\/li>\n<li>Programmazione del tempo massimo di allarme.<\/li>\n<li>Circuito di test della batteria con esclusione del lampeggiatore a batteria scarica.<\/li>\n<li>Semplice installazione con dima di foratura.<\/li>\n<li>Conforme alle norme CEI 79-2-2a Ed. 1993: Livello II.<\/li>\n<li>Alimentazione: accumulatore interno 12 V, 7 Ah.<\/li>\n<li>Assorbimento in allarme: 1,4 A (max 2,8 A). Pressione sonora: 103 dBA (3 metri).<\/li>\n<li>Frequenza fondamentale: 1475 Hz.<\/li>\n<li>Range di temperatura: -25 \u00f7 +55 \u00b0C.<\/li>\n<li>Grado di protezione: IP 34.<\/li>\n<li>Dimensione (l x h x p): 193 x 283 x 93 mm.<\/li>\n<li>Peso (con accumulatore da 7 Ah): 5.0 Kg.<\/li>\n<\/ul>\n<\/div>\n<\/div>\n<\/div>\n<\/div>\n","protected":false},"excerpt":{"rendered":"<p>La sirena autoalimentata ECHO rappresenta il modo migliore per completare un impianto antiintrusione. Realizzata in policarbonato con protezione interna in metallo garantisce, oltre ad un elevato grado di sicurezza, una resistenza agli agenti atmosferici praticamente illimitata. Protetta contro l&#8217;effrazione, la rimozione ed il taglio dei fili, la sirena \u00e8 inoltre dotata di un particolare circuito [&hellip;]<\/p>\n","protected":false},"author":2,"featured_media":0,"parent":0,"menu_order":0,"comment_status":"open","ping_status":"closed","template":"","meta":{"footnotes":""},"class_list":["post-159","page","type-page","status-publish","hentry"],"_links":{"self":[{"href":"https:\/\/sitekimpianti.it\/index.php?rest_route=\/wp\/v2\/pages\/159","targetHints":{"allow":["GET"]}}],"collection":[{"href":"https:\/\/sitekimpianti.it\/index.php?rest_route=\/wp\/v2\/pages"}],"about":[{"href":"https:\/\/sitekimpianti.it\/index.php?rest_route=\/wp\/v2\/types\/page"}],"author":[{"embeddable":true,"href":"https:\/\/sitekimpianti.it\/index.php?rest_route=\/wp\/v2\/users\/2"}],"replies":[{"embeddable":true,"href":"https:\/\/sitekimpianti.it\/index.php?rest_route=%2Fwp%2Fv2%2Fcomments&post=159"}],"version-history":[{"count":5,"href":"https:\/\/sitekimpianti.it\/index.php?rest_route=\/wp\/v2\/pages\/159\/revisions"}],"predecessor-version":[{"id":238,"href":"https:\/\/sitekimpianti.it\/index.php?rest_route=\/wp\/v2\/pages\/159\/revisions\/238"}],"wp:attachment":[{"href":"https:\/\/sitekimpianti.it\/index.php?rest_route=%2Fwp%2Fv2%2Fmedia&parent=159"}],"curies":[{"name":"wp","href":"https:\/\/api.w.org\/{rel}","templated":true}]}}